{"id":2302,"date":"2025-04-01T13:41:43","date_gmt":"2025-04-01T11:41:43","guid":{"rendered":"https:\/\/es4cantons.cat\/dev\/?post_type=tribe_events&#038;p=2302"},"modified":"2025-06-01T23:57:49","modified_gmt":"2025-06-01T21:57:49","slug":"cicle-resistencia-de-les-dones-de-rojava","status":"publish","type":"tribe_events","link":"https:\/\/es4cantons.cat\/dev\/?tribe_events=cicle-resistencia-de-les-dones-de-rojava","title":{"rendered":"Cicle &#8211; Resist\u00e8ncia de les dones de Rojava"},"content":{"rendered":"<p>Estem molt il.lusionades de presentar un cicle sobre la <strong style=\"color: #ff5757\">resist\u00e8ncia i autonomia de les dones a Rojava i la ci\u00e8ncia Jineoloj\u00ee<\/strong>. Entre els dies 4 i 13 d\u2019abril tindran llocs els seg\u00fcents actes:<\/p>\n<p>-Projeccions del documental \u201cNaharina\u201d de La Directa<br \/>\nDissabte 12 a les 19.30h (Es 4 Cantons, Felanitx)<\/p>\n<p>-Lectura conjunta de cap\u00edtol del llibre \u201cDones, via i llibertat\u201d II Volum. En el foc de la revoluci\u00f3<br \/>\nDiumenge 13 a les 11.30h (Es 4 Cantons, Felanitx)<!--more--><\/p>\n<p>Formaci\u00f3 NO MIXTA de dones i identitats dissidents (sobre Jineoloj\u00ee i construcci\u00f3 d\u2019autonomia) + Dinar popular<br \/>\nDiumenge 6 a les 10h (Finca a Costitx)<\/p>\n<p>Si esteu interessades en assistir a aquesta formaci\u00f3, envieu un mail a hola@electrica.cat, comunicant si quedeu a dinar i quantes sereu.<\/p>\n","protected":false},"excerpt":{"rendered":"<p>Estem molt il.lusionades de presentar un cicle sobre la resist\u00e8ncia i autonomia de les dones a Rojava i la ci\u00e8ncia Jineoloj\u00ee. Entre els dies 4 i 13 d\u2019abril tindran llocs [&hellip;]<\/p>\n","protected":false},"author":1,"featured_media":2303,"comment_status":"closed","ping_status":"closed","template":"","meta":{"_uag_custom_page_level_css":"","_tribe_events_status":"","_tribe_events_status_reason":"","footnotes":""},"tags":[],"tribe_events_cat":[],"class_list":["post-2302","tribe_events","type-tribe_events","status-publish","has-post-thumbnail","hentry"],"uagb_featured_image_src":{"full":["https:\/\/es4cantons.cat\/dev\/wp-content\/uploads\/2025\/04\/cicle-rojava.png",640,900,false],"thumbnail":["https:\/\/es4cantons.cat\/dev\/wp-content\/uploads\/2025\/04\/cicle-rojava-150x150.png",150,150,true],"medium":["https:\/\/es4cantons.cat\/dev\/wp-content\/uploads\/2025\/04\/cicle-rojava-213x300.png",213,300,true],"medium_large":["https:\/\/es4cantons.cat\/dev\/wp-content\/uploads\/2025\/04\/cicle-rojava.png",640,900,false],"large":["https:\/\/es4cantons.cat\/dev\/wp-content\/uploads\/2025\/04\/cicle-rojava.png",640,900,false],"1536x1536":["https:\/\/es4cantons.cat\/dev\/wp-content\/uploads\/2025\/04\/cicle-rojava.png",640,900,false],"2048x2048":["https:\/\/es4cantons.cat\/dev\/wp-content\/uploads\/2025\/04\/cicle-rojava.png",640,900,false],"blog":["https:\/\/es4cantons.cat\/dev\/wp-content\/uploads\/2025\/04\/cicle-rojava-640x400.png",640,400,true],"onethird-large":["https:\/\/es4cantons.cat\/dev\/wp-content\/uploads\/2025\/04\/cicle-rojava-351x321.png",351,321,true],"onethird-medium":["https:\/\/es4cantons.cat\/dev\/wp-content\/uploads\/2025\/04\/cicle-rojava-440x380.png",440,380,true],"onethird-small":["https:\/\/es4cantons.cat\/dev\/wp-content\/uploads\/2025\/04\/cicle-rojava-210x150.png",210,150,true],"onethird-thumb":["https:\/\/es4cantons.cat\/dev\/wp-content\/uploads\/2025\/04\/cicle-rojava-280x220.png",280,220,true],"oneforth-large":["https:\/\/es4cantons.cat\/dev\/wp-content\/uploads\/2025\/04\/cicle-rojava-254x357.png",254,357,true],"oneforth-medium":["https:\/\/es4cantons.cat\/dev\/wp-content\/uploads\/2025\/04\/cicle-rojava-210x295.png",210,295,true],"oneforth-small":["https:\/\/es4cantons.cat\/dev\/wp-content\/uploads\/2025\/04\/cicle-rojava-330x464.png",330,464,true],"oneforth-thumb":["https:\/\/es4cantons.cat\/dev\/wp-content\/uploads\/2025\/04\/cicle-rojava-250x352.png",250,352,true]},"uagb_author_info":{"display_name":"ES4C","author_link":"https:\/\/es4cantons.cat\/dev\/?author=1"},"uagb_comment_info":0,"uagb_excerpt":"Estem molt il.lusionades de presentar un cicle sobre la resist\u00e8ncia i autonomia de les dones a Rojava i la ci\u00e8ncia Jineoloj\u00ee. Entre els dies 4 i 13 d\u2019abril tindran llocs [&hellip;]","_links":{"self":[{"href":"https:\/\/es4cantons.cat\/dev\/index.php?rest_route=\/wp\/v2\/tribe_events\/2302","targetHints":{"allow":["GET"]}}],"collection":[{"href":"https:\/\/es4cantons.cat\/dev\/index.php?rest_route=\/wp\/v2\/tribe_events"}],"about":[{"href":"https:\/\/es4cantons.cat\/dev\/index.php?rest_route=\/wp\/v2\/types\/tribe_events"}],"author":[{"embeddable":true,"href":"https:\/\/es4cantons.cat\/dev\/index.php?rest_route=\/wp\/v2\/users\/1"}],"replies":[{"embeddable":true,"href":"https:\/\/es4cantons.cat\/dev\/index.php?rest_route=%2Fwp%2Fv2%2Fcomments&post=2302"}],"version-history":[{"count":2,"href":"https:\/\/es4cantons.cat\/dev\/index.php?rest_route=\/wp\/v2\/tribe_events\/2302\/revisions"}],"predecessor-version":[{"id":2305,"href":"https:\/\/es4cantons.cat\/dev\/index.php?rest_route=\/wp\/v2\/tribe_events\/2302\/revisions\/2305"}],"wp:featuredmedia":[{"embeddable":true,"href":"https:\/\/es4cantons.cat\/dev\/index.php?rest_route=\/wp\/v2\/media\/2303"}],"wp:attachment":[{"href":"https:\/\/es4cantons.cat\/dev\/index.php?rest_route=%2Fwp%2Fv2%2Fmedia&parent=2302"}],"wp:term":[{"taxonomy":"post_tag","embeddable":true,"href":"https:\/\/es4cantons.cat\/dev\/index.php?rest_route=%2Fwp%2Fv2%2Ftags&post=2302"},{"taxonomy":"tribe_events_cat","embeddable":true,"href":"https:\/\/es4cantons.cat\/dev\/index.php?rest_route=%2Fwp%2Fv2%2Ftribe_events_cat&post=2302"}],"curies":[{"name":"wp","href":"https:\/\/api.w.org\/{rel}","templated":true}]}}

Cicle &#8211; Resistència de les dones de Rojava

<p>Estem molt il.lusionades de presentar un cicle sobre la <strong style="color: #ff5757">resistència i autonomia de les dones a Rojava i la ciència Jineolojî</strong>. Entre els dies 4 i 13 d’abril tindran llocs els següents actes:</p>
<p>-Projeccions del documental “Naharina” de La Directa<br />
Dissabte 12 a les 19.30h (Es 4 Cantons, Felanitx)</p>
<p>-Lectura conjunta de capítol del llibre “Dones, via i llibertat” II Volum. En el foc de la revolució<br />
Diumenge 13 a les 11.30h (Es 4 Cantons, Felanitx)<!--more--></p>
<p>Formació NO MIXTA de dones i identitats dissidents (sobre Jineolojî i construcció d’autonomia) + Dinar popular<br />
Diumenge 6 a les 10h (Finca a Costitx)</p>
<p>Si esteu interessades en assistir a aquesta formació, envieu un mail a hola@electrica.cat, comunicant si quedeu a dinar i quantes sereu.</p>

<p>Estem molt il.lusionades de presentar un cicle sobre la resistència i autonomia de les dones a Rojava i la ciència Jineolojî. Entre els dies 4 i 13 d’abril tindran llocs [&hellip;]</p>

Estem molt il.lusionades de presentar un cicle sobre la resistència i autonomia de les dones a Rojava i la ciència Jineolojî. Entre els dies 4 i 13 d’abril tindran llocs [&hellip;]
