{"id":2307,"date":"2025-04-14T11:12:37","date_gmt":"2025-04-14T09:12:37","guid":{"rendered":"https:\/\/es4cantons.cat\/dev\/?post_type=tribe_events&#038;p=2307"},"modified":"2025-05-11T21:15:27","modified_gmt":"2025-05-11T19:15:27","slug":"cas-barraquer","status":"publish","type":"tribe_events","link":"https:\/\/es4cantons.cat\/dev\/?tribe_events=cas-barraquer","title":{"rendered":"CAS BARRAQUER"},"content":{"rendered":"<p><strong style=\"color: #ff5757\">Com fer front a la repressi\u00f3.<\/strong><br \/>\nPresentam el cas repressiu Barraquer a Es4Cantons de Felanitx. Despr\u00e9s, xerrarem sobre la repressi\u00f3 i de quines eines ens dotam com a classe per enfrontar-la.<\/p>\n<p>En acabar, farem un sopar popular. Podeu apuntar-vos a l&#8217;enlla\u00e7 del perfil del SHP.<!--more--><\/p>\n<p>El cas \u00e9s fruit d&#8217;un muntatge policial, motivat per l&#8217;execuci\u00f3 violenta d&#8217;un desnonament per part de la policia local de Palma el 2022. Es demana a cada encausada pena d&#8217;1 any i 6 mesos de pres\u00f3, aix\u00ed, 1800\u202f\u20ac de pena multa, aix\u00ed com 498\u202f\u20ac de responsabilitat civil. Se&#8217;ls acusa d&#8217;atemptat contra l&#8217;autoritat, delicte lleu de lesions, resist\u00e8ncia i maltractament d&#8217;obra.<\/p>\n<p>No permetem que la repressi\u00f3 de l&#8217;estat ens tombi, estenem la solidaritat. Absoluci\u00f3 encausades!<\/p>\n","protected":false},"excerpt":{"rendered":"<p>Com fer front a la repressi\u00f3. Presentam el cas repressiu Barraquer a Es4Cantons de Felanitx. Despr\u00e9s, xerrarem sobre la repressi\u00f3 i de quines eines ens dotam com a classe per [&hellip;]<\/p>\n","protected":false},"author":1,"featured_media":2308,"comment_status":"open","ping_status":"closed","template":"","meta":{"_uag_custom_page_level_css":"","_tribe_events_status":"","_tribe_events_status_reason":"","footnotes":""},"tags":[],"tribe_events_cat":[],"class_list":["post-2307","tribe_events","type-tribe_events","status-publish","has-post-thumbnail","hentry"],"uagb_featured_image_src":{"full":["https:\/\/es4cantons.cat\/dev\/wp-content\/uploads\/2025\/04\/cas-barraquer.png",640,900,false],"thumbnail":["https:\/\/es4cantons.cat\/dev\/wp-content\/uploads\/2025\/04\/cas-barraquer-150x150.png",150,150,true],"medium":["https:\/\/es4cantons.cat\/dev\/wp-content\/uploads\/2025\/04\/cas-barraquer-213x300.png",213,300,true],"medium_large":["https:\/\/es4cantons.cat\/dev\/wp-content\/uploads\/2025\/04\/cas-barraquer.png",640,900,false],"large":["https:\/\/es4cantons.cat\/dev\/wp-content\/uploads\/2025\/04\/cas-barraquer.png",640,900,false],"1536x1536":["https:\/\/es4cantons.cat\/dev\/wp-content\/uploads\/2025\/04\/cas-barraquer.png",640,900,false],"2048x2048":["https:\/\/es4cantons.cat\/dev\/wp-content\/uploads\/2025\/04\/cas-barraquer.png",640,900,false],"blog":["https:\/\/es4cantons.cat\/dev\/wp-content\/uploads\/2025\/04\/cas-barraquer-640x400.png",640,400,true],"onethird-large":["https:\/\/es4cantons.cat\/dev\/wp-content\/uploads\/2025\/04\/cas-barraquer-351x321.png",351,321,true],"onethird-medium":["https:\/\/es4cantons.cat\/dev\/wp-content\/uploads\/2025\/04\/cas-barraquer-440x380.png",440,380,true],"onethird-small":["https:\/\/es4cantons.cat\/dev\/wp-content\/uploads\/2025\/04\/cas-barraquer-210x150.png",210,150,true],"onethird-thumb":["https:\/\/es4cantons.cat\/dev\/wp-content\/uploads\/2025\/04\/cas-barraquer-280x220.png",280,220,true],"oneforth-large":["https:\/\/es4cantons.cat\/dev\/wp-content\/uploads\/2025\/04\/cas-barraquer-254x357.png",254,357,true],"oneforth-medium":["https:\/\/es4cantons.cat\/dev\/wp-content\/uploads\/2025\/04\/cas-barraquer-210x295.png",210,295,true],"oneforth-small":["https:\/\/es4cantons.cat\/dev\/wp-content\/uploads\/2025\/04\/cas-barraquer-330x464.png",330,464,true],"oneforth-thumb":["https:\/\/es4cantons.cat\/dev\/wp-content\/uploads\/2025\/04\/cas-barraquer-250x352.png",250,352,true]},"uagb_author_info":{"display_name":"ES4C","author_link":"https:\/\/es4cantons.cat\/dev\/?author=1"},"uagb_comment_info":0,"uagb_excerpt":"Com fer front a la repressi\u00f3. Presentam el cas repressiu Barraquer a Es4Cantons de Felanitx. Despr\u00e9s, xerrarem sobre la repressi\u00f3 i de quines eines ens dotam com a classe per [&hellip;]","_links":{"self":[{"href":"https:\/\/es4cantons.cat\/dev\/index.php?rest_route=\/wp\/v2\/tribe_events\/2307","targetHints":{"allow":["GET"]}}],"collection":[{"href":"https:\/\/es4cantons.cat\/dev\/index.php?rest_route=\/wp\/v2\/tribe_events"}],"about":[{"href":"https:\/\/es4cantons.cat\/dev\/index.php?rest_route=\/wp\/v2\/types\/tribe_events"}],"author":[{"embeddable":true,"href":"https:\/\/es4cantons.cat\/dev\/index.php?rest_route=\/wp\/v2\/users\/1"}],"replies":[{"embeddable":true,"href":"https:\/\/es4cantons.cat\/dev\/index.php?rest_route=%2Fwp%2Fv2%2Fcomments&post=2307"}],"version-history":[{"count":3,"href":"https:\/\/es4cantons.cat\/dev\/index.php?rest_route=\/wp\/v2\/tribe_events\/2307\/revisions"}],"predecessor-version":[{"id":2311,"href":"https:\/\/es4cantons.cat\/dev\/index.php?rest_route=\/wp\/v2\/tribe_events\/2307\/revisions\/2311"}],"wp:featuredmedia":[{"embeddable":true,"href":"https:\/\/es4cantons.cat\/dev\/index.php?rest_route=\/wp\/v2\/media\/2308"}],"wp:attachment":[{"href":"https:\/\/es4cantons.cat\/dev\/index.php?rest_route=%2Fwp%2Fv2%2Fmedia&parent=2307"}],"wp:term":[{"taxonomy":"post_tag","embeddable":true,"href":"https:\/\/es4cantons.cat\/dev\/index.php?rest_route=%2Fwp%2Fv2%2Ftags&post=2307"},{"taxonomy":"tribe_events_cat","embeddable":true,"href":"https:\/\/es4cantons.cat\/dev\/index.php?rest_route=%2Fwp%2Fv2%2Ftribe_events_cat&post=2307"}],"curies":[{"name":"wp","href":"https:\/\/api.w.org\/{rel}","templated":true}]}}

<p><strong style="color: #ff5757">Com fer front a la repressió.</strong><br />
Presentam el cas repressiu Barraquer a Es4Cantons de Felanitx. Després, xerrarem sobre la repressió i de quines eines ens dotam com a classe per enfrontar-la.</p>
<p>En acabar, farem un sopar popular. Podeu apuntar-vos a l&#8217;enllaç del perfil del SHP.<!--more--></p>
<p>El cas és fruit d&#8217;un muntatge policial, motivat per l&#8217;execució violenta d&#8217;un desnonament per part de la policia local de Palma el 2022. Es demana a cada encausada pena d&#8217;1 any i 6 mesos de presó, així, 1800 € de pena multa, així com 498 € de responsabilitat civil. Se&#8217;ls acusa d&#8217;atemptat contra l&#8217;autoritat, delicte lleu de lesions, resistència i maltractament d&#8217;obra.</p>
<p>No permetem que la repressió de l&#8217;estat ens tombi, estenem la solidaritat. Absolució encausades!</p>

<p>Com fer front a la repressió. Presentam el cas repressiu Barraquer a Es4Cantons de Felanitx. Després, xerrarem sobre la repressió i de quines eines ens dotam com a classe per [&hellip;]</p>

Com fer front a la repressió. Presentam el cas repressiu Barraquer a Es4Cantons de Felanitx. Després, xerrarem sobre la repressió i de quines eines ens dotam com a classe per [&hellip;]
