{"id":2346,"date":"2025-07-02T14:16:46","date_gmt":"2025-07-02T12:16:46","guid":{"rendered":"https:\/\/es4cantons.cat\/dev\/?post_type=tribe_events&#038;p=2346"},"modified":"2025-07-18T16:28:50","modified_gmt":"2025-07-18T14:28:50","slug":"taula-rodona-la-falta-de-referents-lgtbiqa-a-mallorca","status":"publish","type":"tribe_events","link":"https:\/\/es4cantons.cat\/dev\/?tribe_events=taula-rodona-la-falta-de-referents-lgtbiqa-a-mallorca","title":{"rendered":"Taula rodona: La falta de referents LGTBIQA+ a Mallorca"},"content":{"rendered":"<p>Qui ens ha inspirat? Qui ens ha fet sentir que podem ser, sense demanar perm\u00eds? <strong style=\"color: #ff5757\">On s\u00f3n els referents LGTBIQA+ a Mallorca?<\/strong> Pot ser ens faltin referents, per\u00f2 no ens falten veus ni ganes de transformar.<!--more--><\/p>\n<p>Vine a Es 4 Cantons (Felanitx) per escoltar, compartir i pensar col\u00b7lectivament sobre com visibilitzar i cuidar les dissid\u00e8ncies de g\u00e8nere i sexuals des de Mallorca i amb arrels al territori.<\/p>\n<p>Parlarem de referents no nom\u00e9s com a icones, sin\u00f3 com a eines de resist\u00e8ncia, de construcci\u00f3 d\u2019identitat i d\u2019imaginari col\u00b7lectiu.<\/p>\n<p>Amb la participaci\u00f3 de:<br \/>\nAlbert Iglesias (Sor Esti\u00e9rcol)<br \/>\nJusti Soriano (Associaci\u00f3 Rural i-Tal)<br \/>\nTrull Nohara<br \/>\n2 membres de la Plataforma Orgull Cr\u00edtic<\/p>\n<p>Despr\u00e9s, queda\u2019t a fer vermut amb la m\u00fasica de Sor esti\u00e9rcol i Just Tea amb picada i bon ambient, per seguir creant xarxa i gaudir dels espais segurs que necessitam i mereixem.<\/p>\n","protected":false},"excerpt":{"rendered":"<p>Qui ens ha inspirat? Qui ens ha fet sentir que podem ser, sense demanar perm\u00eds? On s\u00f3n els referents LGTBIQA+ a Mallorca? Pot ser ens faltin referents, per\u00f2 no ens [&hellip;]<\/p>\n","protected":false},"author":1,"featured_media":2353,"comment_status":"closed","ping_status":"closed","template":"","meta":{"_uag_custom_page_level_css":"","_tribe_events_status":"","_tribe_events_status_reason":"","footnotes":""},"tags":[],"tribe_events_cat":[],"class_list":["post-2346","tribe_events","type-tribe_events","status-publish","has-post-thumbnail","hentry"],"uagb_featured_image_src":{"full":["https:\/\/es4cantons.cat\/dev\/wp-content\/uploads\/2025\/07\/taula-rodona-referents-lgtbiqa-mallorca.png",640,900,false],"thumbnail":["https:\/\/es4cantons.cat\/dev\/wp-content\/uploads\/2025\/07\/taula-rodona-referents-lgtbiqa-mallorca-150x150.png",150,150,true],"medium":["https:\/\/es4cantons.cat\/dev\/wp-content\/uploads\/2025\/07\/taula-rodona-referents-lgtbiqa-mallorca-213x300.png",213,300,true],"medium_large":["https:\/\/es4cantons.cat\/dev\/wp-content\/uploads\/2025\/07\/taula-rodona-referents-lgtbiqa-mallorca.png",640,900,false],"large":["https:\/\/es4cantons.cat\/dev\/wp-content\/uploads\/2025\/07\/taula-rodona-referents-lgtbiqa-mallorca.png",640,900,false],"1536x1536":["https:\/\/es4cantons.cat\/dev\/wp-content\/uploads\/2025\/07\/taula-rodona-referents-lgtbiqa-mallorca.png",640,900,false],"2048x2048":["https:\/\/es4cantons.cat\/dev\/wp-content\/uploads\/2025\/07\/taula-rodona-referents-lgtbiqa-mallorca.png",640,900,false],"blog":["https:\/\/es4cantons.cat\/dev\/wp-content\/uploads\/2025\/07\/taula-rodona-referents-lgtbiqa-mallorca-640x400.png",640,400,true],"onethird-large":["https:\/\/es4cantons.cat\/dev\/wp-content\/uploads\/2025\/07\/taula-rodona-referents-lgtbiqa-mallorca-351x321.png",351,321,true],"onethird-medium":["https:\/\/es4cantons.cat\/dev\/wp-content\/uploads\/2025\/07\/taula-rodona-referents-lgtbiqa-mallorca-440x380.png",440,380,true],"onethird-small":["https:\/\/es4cantons.cat\/dev\/wp-content\/uploads\/2025\/07\/taula-rodona-referents-lgtbiqa-mallorca-210x150.png",210,150,true],"onethird-thumb":["https:\/\/es4cantons.cat\/dev\/wp-content\/uploads\/2025\/07\/taula-rodona-referents-lgtbiqa-mallorca-280x220.png",280,220,true],"oneforth-large":["https:\/\/es4cantons.cat\/dev\/wp-content\/uploads\/2025\/07\/taula-rodona-referents-lgtbiqa-mallorca-254x357.png",254,357,true],"oneforth-medium":["https:\/\/es4cantons.cat\/dev\/wp-content\/uploads\/2025\/07\/taula-rodona-referents-lgtbiqa-mallorca-210x295.png",210,295,true],"oneforth-small":["https:\/\/es4cantons.cat\/dev\/wp-content\/uploads\/2025\/07\/taula-rodona-referents-lgtbiqa-mallorca-330x464.png",330,464,true],"oneforth-thumb":["https:\/\/es4cantons.cat\/dev\/wp-content\/uploads\/2025\/07\/taula-rodona-referents-lgtbiqa-mallorca-250x352.png",250,352,true]},"uagb_author_info":{"display_name":"ES4C","author_link":"https:\/\/es4cantons.cat\/dev\/?author=1"},"uagb_comment_info":0,"uagb_excerpt":"Qui ens ha inspirat? Qui ens ha fet sentir que podem ser, sense demanar perm\u00eds? On s\u00f3n els referents LGTBIQA+ a Mallorca? Pot ser ens faltin referents, per\u00f2 no ens [&hellip;]","_links":{"self":[{"href":"https:\/\/es4cantons.cat\/dev\/index.php?rest_route=\/wp\/v2\/tribe_events\/2346","targetHints":{"allow":["GET"]}}],"collection":[{"href":"https:\/\/es4cantons.cat\/dev\/index.php?rest_route=\/wp\/v2\/tribe_events"}],"about":[{"href":"https:\/\/es4cantons.cat\/dev\/index.php?rest_route=\/wp\/v2\/types\/tribe_events"}],"author":[{"embeddable":true,"href":"https:\/\/es4cantons.cat\/dev\/index.php?rest_route=\/wp\/v2\/users\/1"}],"replies":[{"embeddable":true,"href":"https:\/\/es4cantons.cat\/dev\/index.php?rest_route=%2Fwp%2Fv2%2Fcomments&post=2346"}],"version-history":[{"count":4,"href":"https:\/\/es4cantons.cat\/dev\/index.php?rest_route=\/wp\/v2\/tribe_events\/2346\/revisions"}],"predecessor-version":[{"id":2354,"href":"https:\/\/es4cantons.cat\/dev\/index.php?rest_route=\/wp\/v2\/tribe_events\/2346\/revisions\/2354"}],"wp:featuredmedia":[{"embeddable":true,"href":"https:\/\/es4cantons.cat\/dev\/index.php?rest_route=\/wp\/v2\/media\/2353"}],"wp:attachment":[{"href":"https:\/\/es4cantons.cat\/dev\/index.php?rest_route=%2Fwp%2Fv2%2Fmedia&parent=2346"}],"wp:term":[{"taxonomy":"post_tag","embeddable":true,"href":"https:\/\/es4cantons.cat\/dev\/index.php?rest_route=%2Fwp%2Fv2%2Ftags&post=2346"},{"taxonomy":"tribe_events_cat","embeddable":true,"href":"https:\/\/es4cantons.cat\/dev\/index.php?rest_route=%2Fwp%2Fv2%2Ftribe_events_cat&post=2346"}],"curies":[{"name":"wp","href":"https:\/\/api.w.org\/{rel}","templated":true}]}}

<p>Qui ens ha inspirat? Qui ens ha fet sentir que podem ser, sense demanar permís? <strong style="color: #ff5757">On són els referents LGTBIQA+ a Mallorca?</strong> Pot ser ens faltin referents, però no ens falten veus ni ganes de transformar.<!--more--></p>
<p>Vine a Es 4 Cantons (Felanitx) per escoltar, compartir i pensar col·lectivament sobre com visibilitzar i cuidar les dissidències de gènere i sexuals des de Mallorca i amb arrels al territori.</p>
<p>Parlarem de referents no només com a icones, sinó com a eines de resistència, de construcció d’identitat i d’imaginari col·lectiu.</p>
<p>Amb la participació de:<br />
Albert Iglesias (Sor Estiércol)<br />
Justi Soriano (Associació Rural i-Tal)<br />
Trull Nohara<br />
2 membres de la Plataforma Orgull Crític</p>
<p>Després, queda’t a fer vermut amb la música de Sor estiércol i Just Tea amb picada i bon ambient, per seguir creant xarxa i gaudir dels espais segurs que necessitam i mereixem.</p>

<p>Qui ens ha inspirat? Qui ens ha fet sentir que podem ser, sense demanar permís? On són els referents LGTBIQA+ a Mallorca? Pot ser ens faltin referents, però no ens [&hellip;]</p>

Qui ens ha inspirat? Qui ens ha fet sentir que podem ser, sense demanar permís? On són els referents LGTBIQA+ a Mallorca? Pot ser ens faltin referents, però no ens [&hellip;]
