{"id":2393,"date":"2025-10-17T16:11:55","date_gmt":"2025-10-17T14:11:55","guid":{"rendered":"https:\/\/es4cantons.cat\/dev\/?post_type=tribe_events&#038;p=2393"},"modified":"2025-11-14T12:28:25","modified_gmt":"2025-11-14T11:28:25","slug":"5-anys-de-revista-autonoma-a-mallorca","status":"publish","type":"tribe_events","link":"https:\/\/es4cantons.cat\/dev\/?tribe_events=5-anys-de-revista-autonoma-a-mallorca","title":{"rendered":"5 anys de revista aut\u00f2noma a Mallorca"},"content":{"rendered":"<p><strong style=\"color: #ff5757\">\u0274\u1d0fs\u1d00\u029f\u1d1b\u0280\u1d07s<\/strong> celebra \ud835\udffb \u1d00\u0274\u028fs com publicaci\u00f3 aut\u00f2noma i antiautorit\u00e0ria, a la vegada que es compleixen 2 anys de la intensificaci\u00f3 brutal del genocidi a Palestina.<!--more--> Ens trobam per celebrar juntes que tenim un mitj\u00e0 amb esperit cr\u00edtic que dona veu al que passa als marges i entre els moviments socials! I celebrar tamb\u00e9 que Palestina resisteix, que hi ha vida i for\u00e7a malgrat la masacre perpetrada per Israel.<\/p>\n<p>Una exposici\u00f3, xerrada i kafeta.<\/p>\n","protected":false},"excerpt":{"rendered":"<p>\u0274\u1d0fs\u1d00\u029f\u1d1b\u0280\u1d07s celebra \ud835\udffb \u1d00\u0274\u028fs com publicaci\u00f3 aut\u00f2noma i antiautorit\u00e0ria, a la vegada que es compleixen 2 anys de la intensificaci\u00f3 brutal del genocidi a Palestina.<\/p>\n","protected":false},"author":1,"featured_media":2396,"comment_status":"closed","ping_status":"closed","template":"","meta":{"_uag_custom_page_level_css":"","_tribe_events_status":"","_tribe_events_status_reason":"","footnotes":""},"tags":[],"tribe_events_cat":[],"class_list":["post-2393","tribe_events","type-tribe_events","status-publish","has-post-thumbnail","hentry"],"uagb_featured_image_src":{"full":["https:\/\/es4cantons.cat\/dev\/wp-content\/uploads\/2025\/10\/revista_nosaltres_cartell_aniversari.jpg",904,1280,false],"thumbnail":["https:\/\/es4cantons.cat\/dev\/wp-content\/uploads\/2025\/10\/revista_nosaltres_cartell_aniversari-150x150.jpg",150,150,true],"medium":["https:\/\/es4cantons.cat\/dev\/wp-content\/uploads\/2025\/10\/revista_nosaltres_cartell_aniversari-212x300.jpg",212,300,true],"medium_large":["https:\/\/es4cantons.cat\/dev\/wp-content\/uploads\/2025\/10\/revista_nosaltres_cartell_aniversari-768x1087.jpg",768,1087,true],"large":["https:\/\/es4cantons.cat\/dev\/wp-content\/uploads\/2025\/10\/revista_nosaltres_cartell_aniversari-723x1024.jpg",723,1024,true],"1536x1536":["https:\/\/es4cantons.cat\/dev\/wp-content\/uploads\/2025\/10\/revista_nosaltres_cartell_aniversari.jpg",904,1280,false],"2048x2048":["https:\/\/es4cantons.cat\/dev\/wp-content\/uploads\/2025\/10\/revista_nosaltres_cartell_aniversari.jpg",904,1280,false],"blog":["https:\/\/es4cantons.cat\/dev\/wp-content\/uploads\/2025\/10\/revista_nosaltres_cartell_aniversari-800x400.jpg",800,400,true],"onethird-large":["https:\/\/es4cantons.cat\/dev\/wp-content\/uploads\/2025\/10\/revista_nosaltres_cartell_aniversari-351x321.jpg",351,321,true],"onethird-medium":["https:\/\/es4cantons.cat\/dev\/wp-content\/uploads\/2025\/10\/revista_nosaltres_cartell_aniversari-440x380.jpg",440,380,true],"onethird-small":["https:\/\/es4cantons.cat\/dev\/wp-content\/uploads\/2025\/10\/revista_nosaltres_cartell_aniversari-210x150.jpg",210,150,true],"onethird-thumb":["https:\/\/es4cantons.cat\/dev\/wp-content\/uploads\/2025\/10\/revista_nosaltres_cartell_aniversari-280x220.jpg",280,220,true],"oneforth-large":["https:\/\/es4cantons.cat\/dev\/wp-content\/uploads\/2025\/10\/revista_nosaltres_cartell_aniversari-254x360.jpg",254,360,true],"oneforth-medium":["https:\/\/es4cantons.cat\/dev\/wp-content\/uploads\/2025\/10\/revista_nosaltres_cartell_aniversari-210x297.jpg",210,297,true],"oneforth-small":["https:\/\/es4cantons.cat\/dev\/wp-content\/uploads\/2025\/10\/revista_nosaltres_cartell_aniversari-330x467.jpg",330,467,true],"oneforth-thumb":["https:\/\/es4cantons.cat\/dev\/wp-content\/uploads\/2025\/10\/revista_nosaltres_cartell_aniversari-250x354.jpg",250,354,true]},"uagb_author_info":{"display_name":"ES4C","author_link":"https:\/\/es4cantons.cat\/dev\/?author=1"},"uagb_comment_info":0,"uagb_excerpt":"\u0274\u1d0fs\u1d00\u029f\u1d1b\u0280\u1d07s celebra \ud835\udffb \u1d00\u0274\u028fs com publicaci\u00f3 aut\u00f2noma i antiautorit\u00e0ria, a la vegada que es compleixen 2 anys de la intensificaci\u00f3 brutal del genocidi a Palestina.","_links":{"self":[{"href":"https:\/\/es4cantons.cat\/dev\/index.php?rest_route=\/wp\/v2\/tribe_events\/2393","targetHints":{"allow":["GET"]}}],"collection":[{"href":"https:\/\/es4cantons.cat\/dev\/index.php?rest_route=\/wp\/v2\/tribe_events"}],"about":[{"href":"https:\/\/es4cantons.cat\/dev\/index.php?rest_route=\/wp\/v2\/types\/tribe_events"}],"author":[{"embeddable":true,"href":"https:\/\/es4cantons.cat\/dev\/index.php?rest_route=\/wp\/v2\/users\/1"}],"replies":[{"embeddable":true,"href":"https:\/\/es4cantons.cat\/dev\/index.php?rest_route=%2Fwp%2Fv2%2Fcomments&post=2393"}],"version-history":[{"count":4,"href":"https:\/\/es4cantons.cat\/dev\/index.php?rest_route=\/wp\/v2\/tribe_events\/2393\/revisions"}],"predecessor-version":[{"id":2407,"href":"https:\/\/es4cantons.cat\/dev\/index.php?rest_route=\/wp\/v2\/tribe_events\/2393\/revisions\/2407"}],"wp:featuredmedia":[{"embeddable":true,"href":"https:\/\/es4cantons.cat\/dev\/index.php?rest_route=\/wp\/v2\/media\/2396"}],"wp:attachment":[{"href":"https:\/\/es4cantons.cat\/dev\/index.php?rest_route=%2Fwp%2Fv2%2Fmedia&parent=2393"}],"wp:term":[{"taxonomy":"post_tag","embeddable":true,"href":"https:\/\/es4cantons.cat\/dev\/index.php?rest_route=%2Fwp%2Fv2%2Ftags&post=2393"},{"taxonomy":"tribe_events_cat","embeddable":true,"href":"https:\/\/es4cantons.cat\/dev\/index.php?rest_route=%2Fwp%2Fv2%2Ftribe_events_cat&post=2393"}],"curies":[{"name":"wp","href":"https:\/\/api.w.org\/{rel}","templated":true}]}}

5 anys de revista autònoma a Mallorca

<p><strong style="color: #ff5757">ɴᴏsᴀʟᴛʀᴇs</strong> celebra 𝟻 ᴀɴʏs com publicació autònoma i antiautoritària, a la vegada que es compleixen 2 anys de la intensificació brutal del genocidi a Palestina.<!--more--> Ens trobam per celebrar juntes que tenim un mitjà amb esperit crític que dona veu al que passa als marges i entre els moviments socials! I celebrar també que Palestina resisteix, que hi ha vida i força malgrat la masacre perpetrada per Israel.</p>
<p>Una exposició, xerrada i kafeta.</p>

<p>ɴᴏsᴀʟᴛʀᴇs celebra 𝟻 ᴀɴʏs com publicació autònoma i antiautoritària, a la vegada que es compleixen 2 anys de la intensificació brutal del genocidi a Palestina.</p>

ɴᴏsᴀʟᴛʀᴇs celebra 𝟻 ᴀɴʏs com publicació autònoma i antiautoritària, a la vegada que es compleixen 2 anys de la intensificació brutal del genocidi a Palestina.
