{"id":2418,"date":"2025-11-14T12:27:19","date_gmt":"2025-11-14T11:27:19","guid":{"rendered":"https:\/\/es4cantons.cat\/dev\/?post_type=tribe_events&#038;p=2418"},"modified":"2026-01-26T10:34:05","modified_gmt":"2026-01-26T09:34:05","slug":"una-defensa-del-catala-per-a-lemancipacio-de-classe","status":"publish","type":"tribe_events","link":"https:\/\/es4cantons.cat\/dev\/?tribe_events=una-defensa-del-catala-per-a-lemancipacio-de-classe","title":{"rendered":"Una defensa del catal\u00e0 per a l&#8217;emancipaci\u00f3 de classe"},"content":{"rendered":"<p>Xerrada amb en Roger Campdelacreu i Roger S\u00e0nchez, militants d&#8217;Endavant i autors de un llibret que pret\u00e9n ser una eina per a la intervenci\u00f3 pol\u00edtica en <strong style=\"color: #ff5757\">defensa del catal\u00e0<\/strong>.<!--more--><\/p>\n<p>Parlem d&#8217;idees per promoure i defensar la llengua als espais populars i de base, acarant el conflicte lling\u00fc\u00edstic i donant forma a la cohesi\u00f3 social.<\/p>\n","protected":false},"excerpt":{"rendered":"<p>Xerrada amb en Roger Campdelacreu i Roger S\u00e0nchez, militants d&#8217;Endavant i autors de un llibret que pret\u00e9n ser una eina per a la intervenci\u00f3 pol\u00edtica en defensa del catal\u00e0.<\/p>\n","protected":false},"author":1,"featured_media":2419,"comment_status":"closed","ping_status":"closed","template":"","meta":{"_uag_custom_page_level_css":"","_tribe_events_status":"","_tribe_events_status_reason":"","footnotes":""},"tags":[],"tribe_events_cat":[],"class_list":["post-2418","tribe_events","type-tribe_events","status-publish","has-post-thumbnail","hentry"],"uagb_featured_image_src":{"full":["https:\/\/es4cantons.cat\/dev\/wp-content\/uploads\/2025\/11\/llengua-lluita-llibertat.png",640,900,false],"thumbnail":["https:\/\/es4cantons.cat\/dev\/wp-content\/uploads\/2025\/11\/llengua-lluita-llibertat-150x150.png",150,150,true],"medium":["https:\/\/es4cantons.cat\/dev\/wp-content\/uploads\/2025\/11\/llengua-lluita-llibertat-213x300.png",213,300,true],"medium_large":["https:\/\/es4cantons.cat\/dev\/wp-content\/uploads\/2025\/11\/llengua-lluita-llibertat.png",640,900,false],"large":["https:\/\/es4cantons.cat\/dev\/wp-content\/uploads\/2025\/11\/llengua-lluita-llibertat.png",640,900,false],"1536x1536":["https:\/\/es4cantons.cat\/dev\/wp-content\/uploads\/2025\/11\/llengua-lluita-llibertat.png",640,900,false],"2048x2048":["https:\/\/es4cantons.cat\/dev\/wp-content\/uploads\/2025\/11\/llengua-lluita-llibertat.png",640,900,false],"blog":["https:\/\/es4cantons.cat\/dev\/wp-content\/uploads\/2025\/11\/llengua-lluita-llibertat-640x400.png",640,400,true],"onethird-large":["https:\/\/es4cantons.cat\/dev\/wp-content\/uploads\/2025\/11\/llengua-lluita-llibertat-351x321.png",351,321,true],"onethird-medium":["https:\/\/es4cantons.cat\/dev\/wp-content\/uploads\/2025\/11\/llengua-lluita-llibertat-440x380.png",440,380,true],"onethird-small":["https:\/\/es4cantons.cat\/dev\/wp-content\/uploads\/2025\/11\/llengua-lluita-llibertat-210x150.png",210,150,true],"onethird-thumb":["https:\/\/es4cantons.cat\/dev\/wp-content\/uploads\/2025\/11\/llengua-lluita-llibertat-280x220.png",280,220,true],"oneforth-large":["https:\/\/es4cantons.cat\/dev\/wp-content\/uploads\/2025\/11\/llengua-lluita-llibertat-254x357.png",254,357,true],"oneforth-medium":["https:\/\/es4cantons.cat\/dev\/wp-content\/uploads\/2025\/11\/llengua-lluita-llibertat-210x295.png",210,295,true],"oneforth-small":["https:\/\/es4cantons.cat\/dev\/wp-content\/uploads\/2025\/11\/llengua-lluita-llibertat-330x464.png",330,464,true],"oneforth-thumb":["https:\/\/es4cantons.cat\/dev\/wp-content\/uploads\/2025\/11\/llengua-lluita-llibertat-250x352.png",250,352,true]},"uagb_author_info":{"display_name":"ES4C","author_link":"https:\/\/es4cantons.cat\/dev\/?author=1"},"uagb_comment_info":0,"uagb_excerpt":"Xerrada amb en Roger Campdelacreu i Roger S\u00e0nchez, militants d&#8217;Endavant i autors de un llibret que pret\u00e9n ser una eina per a la intervenci\u00f3 pol\u00edtica en defensa del catal\u00e0.","_links":{"self":[{"href":"https:\/\/es4cantons.cat\/dev\/index.php?rest_route=\/wp\/v2\/tribe_events\/2418","targetHints":{"allow":["GET"]}}],"collection":[{"href":"https:\/\/es4cantons.cat\/dev\/index.php?rest_route=\/wp\/v2\/tribe_events"}],"about":[{"href":"https:\/\/es4cantons.cat\/dev\/index.php?rest_route=\/wp\/v2\/types\/tribe_events"}],"author":[{"embeddable":true,"href":"https:\/\/es4cantons.cat\/dev\/index.php?rest_route=\/wp\/v2\/users\/1"}],"replies":[{"embeddable":true,"href":"https:\/\/es4cantons.cat\/dev\/index.php?rest_route=%2Fwp%2Fv2%2Fcomments&post=2418"}],"version-history":[{"count":2,"href":"https:\/\/es4cantons.cat\/dev\/index.php?rest_route=\/wp\/v2\/tribe_events\/2418\/revisions"}],"predecessor-version":[{"id":2421,"href":"https:\/\/es4cantons.cat\/dev\/index.php?rest_route=\/wp\/v2\/tribe_events\/2418\/revisions\/2421"}],"wp:featuredmedia":[{"embeddable":true,"href":"https:\/\/es4cantons.cat\/dev\/index.php?rest_route=\/wp\/v2\/media\/2419"}],"wp:attachment":[{"href":"https:\/\/es4cantons.cat\/dev\/index.php?rest_route=%2Fwp%2Fv2%2Fmedia&parent=2418"}],"wp:term":[{"taxonomy":"post_tag","embeddable":true,"href":"https:\/\/es4cantons.cat\/dev\/index.php?rest_route=%2Fwp%2Fv2%2Ftags&post=2418"},{"taxonomy":"tribe_events_cat","embeddable":true,"href":"https:\/\/es4cantons.cat\/dev\/index.php?rest_route=%2Fwp%2Fv2%2Ftribe_events_cat&post=2418"}],"curies":[{"name":"wp","href":"https:\/\/api.w.org\/{rel}","templated":true}]}}

Una defensa del català per a l&#8217;emancipació de classe

<p>Xerrada amb en Roger Campdelacreu i Roger Sànchez, militants d&#8217;Endavant i autors de un llibret que pretén ser una eina per a la intervenció política en <strong style="color: #ff5757">defensa del català</strong>.<!--more--></p>
<p>Parlem d&#8217;idees per promoure i defensar la llengua als espais populars i de base, acarant el conflicte llingüístic i donant forma a la cohesió social.</p>

<p>Xerrada amb en Roger Campdelacreu i Roger Sànchez, militants d&#8217;Endavant i autors de un llibret que pretén ser una eina per a la intervenció política en defensa del català.</p>

Xerrada amb en Roger Campdelacreu i Roger Sànchez, militants d&#8217;Endavant i autors de un llibret que pretén ser una eina per a la intervenció política en defensa del català.
