{"id":2472,"date":"2026-03-03T09:33:58","date_gmt":"2026-03-03T08:33:58","guid":{"rendered":"https:\/\/es4cantons.cat\/dev\/?post_type=tribe_events&#038;p=2472"},"modified":"2026-03-03T09:33:58","modified_gmt":"2026-03-03T08:33:58","slug":"el-pont-el-port-i-la-pagesia","status":"publish","type":"tribe_events","link":"https:\/\/es4cantons.cat\/dev\/?tribe_events=el-pont-el-port-i-la-pagesia","title":{"rendered":"El pont, el port i la pagesia"},"content":{"rendered":"<p>Projecci\u00f3 + debat.<br \/>Recuperem la cr\u00f2nica visual de l&#8217;estiu de 2024, a l&#8217;oest franc\u00e8s, on la <strong style=\"color: #ff5757;\">defensa de l&#8217;aigua<\/strong> va mobilitzar milers de persones.<br \/>Us convidem a la projecci\u00f3 i al debat posterior sobre les lluites d&#8217;avui. La recaptaci\u00f3 de la kafeta es destiar\u00e0 a finan\u00e7ar els moviments en defensa de la terra a Mallorca.<\/p>\n","protected":false},"excerpt":{"rendered":"<p>Projecci\u00f3 + debat.Recuperem la cr\u00f2nica visual de l&#8217;estiu de 2024, a l&#8217;oest franc\u00e8s, on la defensa de l&#8217;aigua va mobilitzar milers de persones.Us convidem a la projecci\u00f3 i al debat [&hellip;]<\/p>\n","protected":false},"author":1,"featured_media":2475,"comment_status":"closed","ping_status":"closed","template":"","meta":{"_uag_custom_page_level_css":"","_tribe_events_status":"","_tribe_events_status_reason":"","footnotes":""},"tags":[],"tribe_events_cat":[21],"class_list":["post-2472","tribe_events","type-tribe_events","status-publish","has-post-thumbnail","hentry","tribe_events_cat-es4k","cat_es4k"],"uagb_featured_image_src":{"full":["https:\/\/es4cantons.cat\/dev\/wp-content\/uploads\/2026\/03\/revoltes-de-la-terra-mallorca.png",640,900,false],"thumbnail":["https:\/\/es4cantons.cat\/dev\/wp-content\/uploads\/2026\/03\/revoltes-de-la-terra-mallorca-150x150.png",150,150,true],"medium":["https:\/\/es4cantons.cat\/dev\/wp-content\/uploads\/2026\/03\/revoltes-de-la-terra-mallorca-213x300.png",213,300,true],"medium_large":["https:\/\/es4cantons.cat\/dev\/wp-content\/uploads\/2026\/03\/revoltes-de-la-terra-mallorca.png",640,900,false],"large":["https:\/\/es4cantons.cat\/dev\/wp-content\/uploads\/2026\/03\/revoltes-de-la-terra-mallorca.png",640,900,false],"1536x1536":["https:\/\/es4cantons.cat\/dev\/wp-content\/uploads\/2026\/03\/revoltes-de-la-terra-mallorca.png",640,900,false],"2048x2048":["https:\/\/es4cantons.cat\/dev\/wp-content\/uploads\/2026\/03\/revoltes-de-la-terra-mallorca.png",640,900,false],"blog":["https:\/\/es4cantons.cat\/dev\/wp-content\/uploads\/2026\/03\/revoltes-de-la-terra-mallorca-640x400.png",640,400,true],"onethird-large":["https:\/\/es4cantons.cat\/dev\/wp-content\/uploads\/2026\/03\/revoltes-de-la-terra-mallorca-351x321.png",351,321,true],"onethird-medium":["https:\/\/es4cantons.cat\/dev\/wp-content\/uploads\/2026\/03\/revoltes-de-la-terra-mallorca-440x380.png",440,380,true],"onethird-small":["https:\/\/es4cantons.cat\/dev\/wp-content\/uploads\/2026\/03\/revoltes-de-la-terra-mallorca-210x150.png",210,150,true],"onethird-thumb":["https:\/\/es4cantons.cat\/dev\/wp-content\/uploads\/2026\/03\/revoltes-de-la-terra-mallorca-280x220.png",280,220,true],"oneforth-large":["https:\/\/es4cantons.cat\/dev\/wp-content\/uploads\/2026\/03\/revoltes-de-la-terra-mallorca-254x357.png",254,357,true],"oneforth-medium":["https:\/\/es4cantons.cat\/dev\/wp-content\/uploads\/2026\/03\/revoltes-de-la-terra-mallorca-210x295.png",210,295,true],"oneforth-small":["https:\/\/es4cantons.cat\/dev\/wp-content\/uploads\/2026\/03\/revoltes-de-la-terra-mallorca-330x464.png",330,464,true],"oneforth-thumb":["https:\/\/es4cantons.cat\/dev\/wp-content\/uploads\/2026\/03\/revoltes-de-la-terra-mallorca-250x352.png",250,352,true]},"uagb_author_info":{"display_name":"ES4C","author_link":"https:\/\/es4cantons.cat\/dev\/?author=1"},"uagb_comment_info":0,"uagb_excerpt":"Projecci\u00f3 + debat.Recuperem la cr\u00f2nica visual de l&#8217;estiu de 2024, a l&#8217;oest franc\u00e8s, on la defensa de l&#8217;aigua va mobilitzar milers de persones.Us convidem a la projecci\u00f3 i al debat [&hellip;]","_links":{"self":[{"href":"https:\/\/es4cantons.cat\/dev\/index.php?rest_route=\/wp\/v2\/tribe_events\/2472","targetHints":{"allow":["GET"]}}],"collection":[{"href":"https:\/\/es4cantons.cat\/dev\/index.php?rest_route=\/wp\/v2\/tribe_events"}],"about":[{"href":"https:\/\/es4cantons.cat\/dev\/index.php?rest_route=\/wp\/v2\/types\/tribe_events"}],"author":[{"embeddable":true,"href":"https:\/\/es4cantons.cat\/dev\/index.php?rest_route=\/wp\/v2\/users\/1"}],"replies":[{"embeddable":true,"href":"https:\/\/es4cantons.cat\/dev\/index.php?rest_route=%2Fwp%2Fv2%2Fcomments&post=2472"}],"version-history":[{"count":3,"href":"https:\/\/es4cantons.cat\/dev\/index.php?rest_route=\/wp\/v2\/tribe_events\/2472\/revisions"}],"predecessor-version":[{"id":2483,"href":"https:\/\/es4cantons.cat\/dev\/index.php?rest_route=\/wp\/v2\/tribe_events\/2472\/revisions\/2483"}],"wp:featuredmedia":[{"embeddable":true,"href":"https:\/\/es4cantons.cat\/dev\/index.php?rest_route=\/wp\/v2\/media\/2475"}],"wp:attachment":[{"href":"https:\/\/es4cantons.cat\/dev\/index.php?rest_route=%2Fwp%2Fv2%2Fmedia&parent=2472"}],"wp:term":[{"taxonomy":"post_tag","embeddable":true,"href":"https:\/\/es4cantons.cat\/dev\/index.php?rest_route=%2Fwp%2Fv2%2Ftags&post=2472"},{"taxonomy":"tribe_events_cat","embeddable":true,"href":"https:\/\/es4cantons.cat\/dev\/index.php?rest_route=%2Fwp%2Fv2%2Ftribe_events_cat&post=2472"}],"curies":[{"name":"wp","href":"https:\/\/api.w.org\/{rel}","templated":true}]}}

<p>Projecció + debat.<br />Recuperem la crònica visual de l&#8217;estiu de 2024, a l&#8217;oest francès, on la <strong style="color: #ff5757;">defensa de l&#8217;aigua</strong> va mobilitzar milers de persones.<br />Us convidem a la projecció i al debat posterior sobre les lluites d&#8217;avui. La recaptació de la kafeta es destiarà a finançar els moviments en defensa de la terra a Mallorca.</p>

<p>Projecció + debat.Recuperem la crònica visual de l&#8217;estiu de 2024, a l&#8217;oest francès, on la defensa de l&#8217;aigua va mobilitzar milers de persones.Us convidem a la projecció i al debat [&hellip;]</p>

Projecció + debat.Recuperem la crònica visual de l&#8217;estiu de 2024, a l&#8217;oest francès, on la defensa de l&#8217;aigua va mobilitzar milers de persones.Us convidem a la projecció i al debat [&hellip;]
